{"id":6598,"date":"2024-12-30T11:25:45","date_gmt":"2024-12-30T11:25:45","guid":{"rendered":"https:\/\/duuit.online\/?page_id=6598"},"modified":"2025-05-20T11:25:16","modified_gmt":"2025-05-20T11:25:16","slug":"nosotros","status":"publish","type":"page","link":"https:\/\/duuit.online\/?page_id=6598","title":{"rendered":"Qui\u00e9nes somos"},"content":{"rendered":"\n<div id=\"wp-block-themeisle-blocks-advanced-columns-b10b3a4d\" class=\"wp-block-themeisle-blocks-advanced-columns has-1-columns has-desktop-equal-layout has-tablet-equal-layout has-mobile-equal-layout has-vertical-unset\"><div class=\"wp-block-themeisle-blocks-advanced-columns-overlay\"><\/div><div class=\"innerblocks-wrap\">\n<div id=\"wp-block-themeisle-blocks-advanced-column-de1d7f60\" class=\"wp-block-themeisle-blocks-advanced-column\">\n<h2 id=\"wp-block-themeisle-blocks-advanced-heading-e0b45f73\" class=\"wp-block-themeisle-blocks-advanced-heading wp-block-themeisle-blocks-advanced-heading-e0b45f73\">\u00bfQui\u00e9nes  somos?<\/h2>\n<\/div>\n<\/div><\/div>\n\n\n\n<div id=\"wp-block-themeisle-blocks-advanced-columns-0d816912\" class=\"wp-block-themeisle-blocks-advanced-columns has-1-columns has-desktop-equal-layout has-tablet-equal-layout has-mobile-equal-layout has-vertical-unset\"><div class=\"wp-block-themeisle-blocks-advanced-columns-overlay\"><\/div><div class=\"innerblocks-wrap\">\n<div id=\"wp-block-themeisle-blocks-advanced-column-cf186385\" class=\"wp-block-themeisle-blocks-advanced-column ticss-cf186385\">\n<h2 id=\"wp-block-themeisle-blocks-advanced-heading-8f2ab67d\" class=\"wp-block-themeisle-blocks-advanced-heading wp-block-themeisle-blocks-advanced-heading-8f2ab67d\"><span class=\"logo-duuit-verde\">duuit<\/span> no es otra agencia; somos la alternativa que quiz\u00e1s est\u00e9s buscando, una evoluci\u00f3n en la prestaci\u00f3n de servicios creativos m\u00e1s adaptado a los cambiantes movimientos del mundo, tu mercado, y tu empresa.<br><\/h2>\n<\/div>\n<\/div><\/div>\n\n\n\n<div id=\"wp-block-themeisle-blocks-advanced-columns-5dabdb3c\" class=\"wp-block-themeisle-blocks-advanced-columns has-1-columns has-desktop-equal-layout has-tablet-equal-layout has-mobile-equal-layout has-vertical-unset\"><div class=\"wp-block-themeisle-blocks-advanced-columns-overlay\"><\/div><div class=\"innerblocks-wrap\">\n<div id=\"wp-block-themeisle-blocks-advanced-column-58380ce3\" class=\"wp-block-themeisle-blocks-advanced-column\"><div class=\"wp-block-themeisle-blocks-advanced-column-overlay\"><\/div><\/div>\n<\/div><\/div>\n\n\n\n<div id=\"wp-block-themeisle-blocks-advanced-columns-5065075a\" class=\"wp-block-themeisle-blocks-advanced-columns has-2-columns has-desktop-oneTwo-layout has-tablet-collapsedRows-layout has-mobile-collapsedRows-layout has-vertical-unset ticss-9e715a99\"><div class=\"wp-block-themeisle-blocks-advanced-columns-overlay\"><\/div><div class=\"innerblocks-wrap\">\n<div id=\"wp-block-themeisle-blocks-advanced-column-cda819b7\" class=\"wp-block-themeisle-blocks-advanced-column\">\n<h3 id=\"wp-block-themeisle-blocks-advanced-heading-111f3642\" class=\"wp-block-themeisle-blocks-advanced-heading wp-block-themeisle-blocks-advanced-heading-111f3642\">Trayectoria<\/h3>\n<\/div>\n\n\n\n<div id=\"wp-block-themeisle-blocks-advanced-column-e6178477\" class=\"wp-block-themeisle-blocks-advanced-column ticss-ae2e9cf7\">\n<h2 id=\"wp-block-themeisle-blocks-advanced-heading-fe767113\" class=\"wp-block-themeisle-blocks-advanced-heading wp-block-themeisle-blocks-advanced-heading-fe767113 ticss-10a48ea5\">Despu\u00e9s de m\u00e1s de 20 a\u00f1os resolviendo problemas de dise\u00f1o y comunicaci\u00f3n para todo tipo de proyectos \u2014desde startups que buscan despegar hasta grandes marcas globales como Samsung, Arcor, Tony Roma\u2019s o Nestl\u00e9\u2014decidimos que era un buen momento.<\/h2>\n\n\n\n<div id=\"wp-block-themeisle-blocks-advanced-columns-106a9e10\" class=\"wp-block-themeisle-blocks-advanced-columns has-3-columns has-desktop-equal-layout has-tablet-equal-layout has-mobile-collapsedRows-layout has-vertical-unset\"><div class=\"wp-block-themeisle-blocks-advanced-columns-overlay\"><\/div><div class=\"innerblocks-wrap\">\n<div id=\"wp-block-themeisle-blocks-advanced-column-a5fcc574\" class=\"wp-block-themeisle-blocks-advanced-column circulo-c\">\n<p class=\"has-text-align-center ticss-0ae663ff\" style=\"padding-top:0px;padding-right:0px;padding-bottom:0px;padding-left:0px;font-size:20px\">Dise\u00f1o y desarrollo<\/p>\n<\/div>\n\n\n\n<div id=\"wp-block-themeisle-blocks-advanced-column-3dddc266\" class=\"wp-block-themeisle-blocks-advanced-column circulo-c\">\n<p class=\"has-text-align-center\" style=\"padding-top:0px;padding-right:0px;padding-bottom:0px;padding-left:0px;font-size:20px\">Experiencia<\/p>\n<\/div>\n\n\n\n<div id=\"wp-block-themeisle-blocks-advanced-column-9d33dca8\" class=\"wp-block-themeisle-blocks-advanced-column circulo-c\">\n<p class=\"has-text-align-center\" style=\"padding-top:0px;padding-right:0px;padding-bottom:0px;padding-left:0px;font-size:20px\">Comunicaci\u00f3n y estrategia<\/p>\n<\/div>\n<\/div><\/div>\n\n\n\n<h2 id=\"wp-block-themeisle-blocks-advanced-heading-b1561522\" class=\"wp-block-themeisle-blocks-advanced-heading wp-block-themeisle-blocks-advanced-heading-b1561522 ticss-10a48ea5\">Y nos propusimos <span class=\"claro\">(<\/span>Daniel y Richard \ud83d\udc4b<span class=\"claro\">)<\/span> crear esta plataforma para ofrecer lo que algunos necesitan: resultados claros, sin complicaciones, ni presiones con los tiempos.&nbsp;<br>Pagas por lo que te genera resultados y a tu tiempo.<\/h2>\n<\/div>\n<\/div><\/div>\n\n\n\n<div id=\"wp-block-themeisle-blocks-advanced-columns-4a87869f\" class=\"wp-block-themeisle-blocks-advanced-columns has-2-columns has-desktop-oneTwo-layout has-tablet-collapsedRows-layout has-mobile-collapsedRows-layout has-vertical-unset\"><div class=\"wp-block-themeisle-blocks-advanced-columns-overlay\"><\/div><div class=\"innerblocks-wrap\">\n<div id=\"wp-block-themeisle-blocks-advanced-column-d1878c41\" class=\"wp-block-themeisle-blocks-advanced-column\">\n<h3 id=\"wp-block-themeisle-blocks-advanced-heading-160a037e\" class=\"wp-block-themeisle-blocks-advanced-heading wp-block-themeisle-blocks-advanced-heading-160a037e\">\u00bfC\u00f3mo lo hacemos?<\/h3>\n<\/div>\n\n\n\n<div id=\"wp-block-themeisle-blocks-advanced-column-905d158d\" class=\"wp-block-themeisle-blocks-advanced-column ticss-e6178477\">\n<h2 id=\"wp-block-themeisle-blocks-advanced-heading-01e08fed\" class=\"wp-block-themeisle-blocks-advanced-heading wp-block-themeisle-blocks-advanced-heading-01e08fed\">En <span class=\"logo-duuit-verde\">duuit<\/span>, resolvemos r\u00e1pido y bien. Con un equipo multidisciplinario que ha trabajado en m\u00e1s de 300 proyectos en mercados como Chile, Panam\u00e1, Costa Rica, Per\u00fa, Espa\u00f1a, y m\u00e1s.&nbsp;<\/h2>\n\n\n\n<h2 id=\"wp-block-themeisle-blocks-advanced-heading-a6c2baa6\" class=\"wp-block-themeisle-blocks-advanced-heading wp-block-themeisle-blocks-advanced-heading-a6c2baa6\">No solo nos aseguramos de estar con los mejores, si no tenemos una lista de servicios adaptada a las necesidades m\u00e1s comunes de estrategia, creatividad y dise\u00f1o.&nbsp;<\/h2>\n\n\n\n<h2 id=\"wp-block-themeisle-blocks-advanced-heading-f9b44f77\" class=\"wp-block-themeisle-blocks-advanced-heading wp-block-themeisle-blocks-advanced-heading-f9b44f77\">Entregando soluciones que generan valor y eliminan el caos del proceso creativo y la presi\u00f3n de pagar largas sumas en servicios que est\u00e1s sub-utilizando.<\/h2>\n<\/div>\n<\/div><\/div>\n\n\n\n<div id=\"wp-block-themeisle-blocks-advanced-columns-adc5f2d1\" class=\"wp-block-themeisle-blocks-advanced-columns has-2-columns has-desktop-equal-layout has-tablet-equal-layout has-mobile-collapsedRows-layout has-vertical-unset ticss-adc5f2d1\"><div class=\"wp-block-themeisle-blocks-advanced-columns-overlay\"><\/div><div class=\"innerblocks-wrap\">\n<div id=\"wp-block-themeisle-blocks-advanced-column-324e307c\" class=\"wp-block-themeisle-blocks-advanced-column\">\n<div id=\"wp-block-themeisle-blocks-advanced-columns-896130d4\" class=\"wp-block-themeisle-blocks-advanced-columns has-3-columns has-desktop-equal-layout has-tablet-equal-layout has-mobile-oneTwoOne-layout has-vertical-center has-light-bg ticss-fd349705\"><div class=\"wp-block-themeisle-blocks-advanced-columns-overlay\"><\/div><div class=\"innerblocks-wrap\">\n<div id=\"wp-block-themeisle-blocks-advanced-column-82aef94e\" class=\"wp-block-themeisle-blocks-advanced-column\">\n<figure class=\"wp-block-image size-full is-resized has-custom-border\"><img loading=\"lazy\" decoding=\"async\" width=\"300\" height=\"300\" src=\"https:\/\/duuit.online\/wp-content\/uploads\/2024\/12\/dorti-mini.jpg\" alt=\"\" class=\"wp-image-4824\" style=\"border-radius:60px;width:103px;height:auto\" srcset=\"https:\/\/duuit.online\/wp-content\/uploads\/2024\/12\/dorti-mini.jpg 300w, https:\/\/duuit.online\/wp-content\/uploads\/2024\/12\/dorti-mini-150x150.jpg 150w\" sizes=\"auto, (max-width: 300px) 100vw, 300px\" \/><\/figure>\n<\/div>\n\n\n\n<div id=\"wp-block-themeisle-blocks-advanced-column-8f0d492d\" class=\"wp-block-themeisle-blocks-advanced-column\">\n<h5 id=\"wp-block-themeisle-blocks-advanced-heading-537e7974\" class=\"wp-block-themeisle-blocks-advanced-heading wp-block-themeisle-blocks-advanced-heading-537e7974\">Daniel Dorta<\/h5>\n\n\n\n<p class=\"has-nv-light-bg-color has-text-color has-link-color wp-elements-fe3aafeadafa58ff271e6bfeb19e1d0c\">Co-fundador | CCO<\/p>\n<\/div>\n\n\n\n<div id=\"wp-block-themeisle-blocks-advanced-column-733f6ce3\" class=\"wp-block-themeisle-blocks-advanced-column ticss-1ce78663\">\n<ul class=\"wp-block-social-links has-icon-color is-style-logos-only is-vertical is-content-justification-left is-nowrap is-layout-flex wp-container-core-social-links-is-layout-5e962826 wp-block-social-links-is-layout-flex\"><li style=\"color: var(--nv-light-bg); \" class=\"wp-social-link wp-social-link-linkedin has-nv-light-bg-color wp-block-social-link\"><a href=\"https:\/\/www.linkedin.com\/in\/dandorta\/\" class=\"wp-block-social-link-anchor\"><svg width=\"24\" height=\"24\" viewBox=\"0 0 24 24\" version=\"1.1\" xmlns=\"http:\/\/www.w3.org\/2000\/svg\" aria-hidden=\"true\" focusable=\"false\"><path d=\"M19.7,3H4.3C3.582,3,3,3.582,3,4.3v15.4C3,20.418,3.582,21,4.3,21h15.4c0.718,0,1.3-0.582,1.3-1.3V4.3 C21,3.582,20.418,3,19.7,3z M8.339,18.338H5.667v-8.59h2.672V18.338z M7.004,8.574c-0.857,0-1.549-0.694-1.549-1.548 c0-0.855,0.691-1.548,1.549-1.548c0.854,0,1.547,0.694,1.547,1.548C8.551,7.881,7.858,8.574,7.004,8.574z M18.339,18.338h-2.669 v-4.177c0-0.996-0.017-2.278-1.387-2.278c-1.389,0-1.601,1.086-1.601,2.206v4.249h-2.667v-8.59h2.559v1.174h0.037 c0.356-0.675,1.227-1.387,2.526-1.387c2.703,0,3.203,1.779,3.203,4.092V18.338z\"><\/path><\/svg><span class=\"wp-block-social-link-label screen-reader-text\">LinkedIn<\/span><\/a><\/li><\/ul>\n<\/div>\n<\/div><\/div>\n\n\n\n<div style=\"height:40px\" aria-hidden=\"true\" class=\"wp-block-spacer\"><\/div>\n\n\n\n<h3 id=\"wp-block-themeisle-blocks-advanced-heading-4f5a183c\" class=\"wp-block-themeisle-blocks-advanced-heading wp-block-themeisle-blocks-advanced-heading-4f5a183c\">\u201c<span class=\"logo-duuit\">duuit<\/span>&nbsp;es un profundo entendimiento de lo que realmente necesitan las marcas, sin importar su tama\u00f1o. Hoy, los emprendedores y las empresas cuentan con mejores herramientas, pero el dise\u00f1o sigue siendo el eslab\u00f3n m\u00e1s d\u00e9bil, duuit es la respuesta para encontrar soluciones a sus problemas de mercadeo de manera \u00e1gil y sostenible.\u201d<\/h3>\n<\/div>\n\n\n\n<div id=\"wp-block-themeisle-blocks-advanced-column-bff85700\" class=\"wp-block-themeisle-blocks-advanced-column\">\n<div id=\"wp-block-themeisle-blocks-advanced-columns-aef88875\" class=\"wp-block-themeisle-blocks-advanced-columns has-3-columns has-desktop-equal-layout has-tablet-equal-layout has-mobile-oneTwoOne-layout has-vertical-center has-light-bg ticss-fd349705\"><div class=\"wp-block-themeisle-blocks-advanced-columns-overlay\"><\/div><div class=\"innerblocks-wrap\">\n<div id=\"wp-block-themeisle-blocks-advanced-column-f251b4f4\" class=\"wp-block-themeisle-blocks-advanced-column\">\n<figure class=\"wp-block-image size-full is-resized has-custom-border\"><img loading=\"lazy\" decoding=\"async\" width=\"300\" height=\"300\" src=\"https:\/\/duuit.online\/wp-content\/uploads\/2024\/12\/rich-mini.jpg\" alt=\"\" class=\"wp-image-4832\" style=\"border-radius:60px;width:103px;height:auto\" srcset=\"https:\/\/duuit.online\/wp-content\/uploads\/2024\/12\/rich-mini.jpg 300w, https:\/\/duuit.online\/wp-content\/uploads\/2024\/12\/rich-mini-150x150.jpg 150w\" sizes=\"auto, (max-width: 300px) 100vw, 300px\" \/><\/figure>\n<\/div>\n\n\n\n<div id=\"wp-block-themeisle-blocks-advanced-column-f23af842\" class=\"wp-block-themeisle-blocks-advanced-column\">\n<h5 id=\"wp-block-themeisle-blocks-advanced-heading-10d38752\" class=\"wp-block-themeisle-blocks-advanced-heading wp-block-themeisle-blocks-advanced-heading-10d38752\">Richard Gonz\u00e1lez T.<\/h5>\n\n\n\n<p class=\"has-nv-light-bg-color has-text-color has-link-color wp-elements-11acb53360448ddda305d148f985a801\">Co-fundador | CTO<\/p>\n<\/div>\n\n\n\n<div id=\"wp-block-themeisle-blocks-advanced-column-339701f0\" class=\"wp-block-themeisle-blocks-advanced-column ticss-1ce78663\">\n<ul class=\"wp-block-social-links has-icon-color is-style-logos-only is-vertical is-content-justification-left is-nowrap is-layout-flex wp-container-core-social-links-is-layout-5e962826 wp-block-social-links-is-layout-flex\"><li style=\"color: var(--nv-light-bg); \" class=\"wp-social-link wp-social-link-linkedin has-nv-light-bg-color wp-block-social-link\"><a href=\"https:\/\/www.linkedin.com\/in\/richardgonzaleztapia\/\" class=\"wp-block-social-link-anchor\"><svg width=\"24\" height=\"24\" viewBox=\"0 0 24 24\" version=\"1.1\" xmlns=\"http:\/\/www.w3.org\/2000\/svg\" aria-hidden=\"true\" focusable=\"false\"><path d=\"M19.7,3H4.3C3.582,3,3,3.582,3,4.3v15.4C3,20.418,3.582,21,4.3,21h15.4c0.718,0,1.3-0.582,1.3-1.3V4.3 C21,3.582,20.418,3,19.7,3z M8.339,18.338H5.667v-8.59h2.672V18.338z M7.004,8.574c-0.857,0-1.549-0.694-1.549-1.548 c0-0.855,0.691-1.548,1.549-1.548c0.854,0,1.547,0.694,1.547,1.548C8.551,7.881,7.858,8.574,7.004,8.574z M18.339,18.338h-2.669 v-4.177c0-0.996-0.017-2.278-1.387-2.278c-1.389,0-1.601,1.086-1.601,2.206v4.249h-2.667v-8.59h2.559v1.174h0.037 c0.356-0.675,1.227-1.387,2.526-1.387c2.703,0,3.203,1.779,3.203,4.092V18.338z\"><\/path><\/svg><span class=\"wp-block-social-link-label screen-reader-text\">LinkedIn<\/span><\/a><\/li><\/ul>\n<\/div>\n<\/div><\/div>\n\n\n\n<div style=\"height:40px\" aria-hidden=\"true\" class=\"wp-block-spacer\"><\/div>\n\n\n\n<h3 id=\"wp-block-themeisle-blocks-advanced-heading-563ff179\" class=\"wp-block-themeisle-blocks-advanced-heading wp-block-themeisle-blocks-advanced-heading-563ff179 ticss-563ff179\">\u201cCrear <span>duuit<\/span> es consolidar a\u00f1os de experiencia y expandirla globalmente. El dise\u00f1o me motiva profesionalmente, y resolver retos diversos para clientes \u00fanicos me inspira a buscar soluciones creativas desde la comunicaci\u00f3n y el dise\u00f1o.\u201d<\/h3>\n\n\n\n<div style=\"height:40px\" aria-hidden=\"true\" class=\"wp-block-spacer\"><\/div>\n<\/div>\n<\/div><\/div>\n\n\n\n<div class=\"wp-block-columns alignfull is-not-stacked-on-mobile ticss-02601244 logos has-background is-layout-flex wp-container-core-columns-is-layout-64c06f5c wp-block-columns-is-layout-flex\" style=\"background-color:#d1ffee59;padding-top:30px;padding-bottom:20px\">\n<div class=\"wp-block-column is-layout-flow wp-block-column-is-layout-flow\">\n<div class=\"wp-block-columns is-layout-flex wp-container-core-columns-is-layout-9d6595d7 wp-block-columns-is-layout-flex\">\n<div class=\"wp-block-column is-layout-flow wp-block-column-is-layout-flow\">\n<figure class=\"wp-block-image size-full\"><img loading=\"lazy\" decoding=\"async\" width=\"586\" height=\"260\" src=\"https:\/\/duuit.online\/wp-content\/uploads\/2024\/12\/l_samsung.png\" alt=\"\" class=\"wp-image-4792\" srcset=\"https:\/\/duuit.online\/wp-content\/uploads\/2024\/12\/l_samsung.png 586w, https:\/\/duuit.online\/wp-content\/uploads\/2024\/12\/l_samsung-300x133.png 300w\" sizes=\"auto, (max-width: 586px) 100vw, 586px\" \/><\/figure>\n<\/div>\n\n\n\n<div class=\"wp-block-column is-layout-flow wp-block-column-is-layout-flow\">\n<figure class=\"wp-block-image size-full\"><img loading=\"lazy\" decoding=\"async\" width=\"613\" height=\"260\" src=\"https:\/\/duuit.online\/wp-content\/uploads\/2024\/12\/l_illy.png\" alt=\"\" class=\"wp-image-4796\" srcset=\"https:\/\/duuit.online\/wp-content\/uploads\/2024\/12\/l_illy.png 613w, https:\/\/duuit.online\/wp-content\/uploads\/2024\/12\/l_illy-300x127.png 300w\" sizes=\"auto, (max-width: 613px) 100vw, 613px\" \/><\/figure>\n<\/div>\n\n\n\n<div class=\"wp-block-column is-layout-flow wp-block-column-is-layout-flow\">\n<figure class=\"wp-block-image size-full\"><img loading=\"lazy\" decoding=\"async\" width=\"586\" height=\"260\" src=\"https:\/\/duuit.online\/wp-content\/uploads\/2024\/12\/l_colacao.png\" alt=\"\" class=\"wp-image-4794\" srcset=\"https:\/\/duuit.online\/wp-content\/uploads\/2024\/12\/l_colacao.png 586w, https:\/\/duuit.online\/wp-content\/uploads\/2024\/12\/l_colacao-300x133.png 300w\" sizes=\"auto, (max-width: 586px) 100vw, 586px\" \/><\/figure>\n<\/div>\n<\/div>\n<\/div>\n\n\n\n<div class=\"wp-block-column is-layout-flow wp-block-column-is-layout-flow\">\n<div class=\"wp-block-columns is-layout-flex wp-container-core-columns-is-layout-9d6595d7 wp-block-columns-is-layout-flex\">\n<div class=\"wp-block-column is-layout-flow wp-block-column-is-layout-flow\">\n<figure class=\"wp-block-image size-full\"><img loading=\"lazy\" decoding=\"async\" width=\"562\" height=\"246\" src=\"https:\/\/duuit.online\/wp-content\/uploads\/2024\/12\/l_salfa.png\" alt=\"\" class=\"wp-image-4797\" srcset=\"https:\/\/duuit.online\/wp-content\/uploads\/2024\/12\/l_salfa.png 562w, https:\/\/duuit.online\/wp-content\/uploads\/2024\/12\/l_salfa-300x131.png 300w\" sizes=\"auto, (max-width: 562px) 100vw, 562px\" \/><\/figure>\n<\/div>\n\n\n\n<div class=\"wp-block-column is-layout-flow wp-block-column-is-layout-flow\">\n<figure class=\"wp-block-image size-full\"><img loading=\"lazy\" decoding=\"async\" width=\"612\" height=\"245\" src=\"https:\/\/duuit.online\/wp-content\/uploads\/2024\/12\/l_tony.png\" alt=\"\" class=\"wp-image-4798\" srcset=\"https:\/\/duuit.online\/wp-content\/uploads\/2024\/12\/l_tony.png 612w, https:\/\/duuit.online\/wp-content\/uploads\/2024\/12\/l_tony-300x120.png 300w\" sizes=\"auto, (max-width: 612px) 100vw, 612px\" \/><\/figure>\n<\/div>\n\n\n\n<div class=\"wp-block-column is-layout-flow wp-block-column-is-layout-flow\">\n<figure class=\"wp-block-image size-full\"><img loading=\"lazy\" decoding=\"async\" width=\"586\" height=\"260\" src=\"https:\/\/duuit.online\/wp-content\/uploads\/2024\/12\/l_homeplus.png\" alt=\"\" class=\"wp-image-4791\" srcset=\"https:\/\/duuit.online\/wp-content\/uploads\/2024\/12\/l_homeplus.png 586w, https:\/\/duuit.online\/wp-content\/uploads\/2024\/12\/l_homeplus-300x133.png 300w\" sizes=\"auto, (max-width: 586px) 100vw, 586px\" \/><\/figure>\n<\/div>\n<\/div>\n<\/div>\n\n\n\n<div class=\"wp-block-column is-layout-flow wp-block-column-is-layout-flow\">\n<div class=\"wp-block-columns is-layout-flex wp-container-core-columns-is-layout-9d6595d7 wp-block-columns-is-layout-flex\">\n<div class=\"wp-block-column is-layout-flow wp-block-column-is-layout-flow\">\n<figure class=\"wp-block-image size-full\"><img loading=\"lazy\" decoding=\"async\" width=\"613\" height=\"246\" src=\"https:\/\/duuit.online\/wp-content\/uploads\/2024\/12\/l_ahmad.png\" alt=\"\" class=\"wp-image-4793\" srcset=\"https:\/\/duuit.online\/wp-content\/uploads\/2024\/12\/l_ahmad.png 613w, https:\/\/duuit.online\/wp-content\/uploads\/2024\/12\/l_ahmad-300x120.png 300w\" sizes=\"auto, (max-width: 613px) 100vw, 613px\" \/><\/figure>\n<\/div>\n\n\n\n<div class=\"wp-block-column is-layout-flow wp-block-column-is-layout-flow\">\n<figure class=\"wp-block-image size-full\"><img loading=\"lazy\" decoding=\"async\" width=\"562\" height=\"260\" src=\"https:\/\/duuit.online\/wp-content\/uploads\/2024\/12\/l_haubrandt.png\" alt=\"\" class=\"wp-image-4795\" srcset=\"https:\/\/duuit.online\/wp-content\/uploads\/2024\/12\/l_haubrandt.png 562w, https:\/\/duuit.online\/wp-content\/uploads\/2024\/12\/l_haubrandt-300x139.png 300w\" sizes=\"auto, (max-width: 562px) 100vw, 562px\" \/><\/figure>\n<\/div>\n\n\n\n<div class=\"wp-block-column is-layout-flow wp-block-column-is-layout-flow\">\n<figure class=\"wp-block-image size-full\"><img loading=\"lazy\" decoding=\"async\" width=\"586\" height=\"260\" src=\"https:\/\/duuit.online\/wp-content\/uploads\/2024\/12\/l_fiageo.png\" alt=\"\" class=\"wp-image-4790\" srcset=\"https:\/\/duuit.online\/wp-content\/uploads\/2024\/12\/l_fiageo.png 586w, https:\/\/duuit.online\/wp-content\/uploads\/2024\/12\/l_fiageo-300x133.png 300w\" sizes=\"auto, (max-width: 586px) 100vw, 586px\" \/><\/figure>\n<\/div>\n<\/div>\n<\/div>\n<\/div>\n","protected":false},"excerpt":{"rendered":"","protected":false},"author":1,"featured_media":0,"parent":0,"menu_order":0,"comment_status":"closed","ping_status":"closed","template":"","meta":{"_acf_changed":false,"inline_featured_image":false,"neve_meta_sidebar":"full-width","neve_meta_container":"full-width","neve_meta_enable_content_width":"","neve_meta_content_width":0,"neve_meta_title_alignment":"","neve_meta_author_avatar":"","neve_post_elements_order":"","neve_meta_disable_header":"","neve_meta_disable_footer":"","neve_meta_disable_title":"on","neve_meta_reading_time":"","_themeisle_gutenberg_block_has_review":false,"_ti_tpc_template_sync":false,"_ti_tpc_template_id":"","footnotes":""},"class_list":["post-6598","page","type-page","status-publish","hentry"],"acf":[],"_links":{"self":[{"href":"https:\/\/duuit.online\/index.php?rest_route=\/wp\/v2\/pages\/6598","targetHints":{"allow":["GET"]}}],"collection":[{"href":"https:\/\/duuit.online\/index.php?rest_route=\/wp\/v2\/pages"}],"about":[{"href":"https:\/\/duuit.online\/index.php?rest_route=\/wp\/v2\/types\/page"}],"author":[{"embeddable":true,"href":"https:\/\/duuit.online\/index.php?rest_route=\/wp\/v2\/users\/1"}],"replies":[{"embeddable":true,"href":"https:\/\/duuit.online\/index.php?rest_route=%2Fwp%2Fv2%2Fcomments&post=6598"}],"version-history":[{"count":82,"href":"https:\/\/duuit.online\/index.php?rest_route=\/wp\/v2\/pages\/6598\/revisions"}],"predecessor-version":[{"id":9064,"href":"https:\/\/duuit.online\/index.php?rest_route=\/wp\/v2\/pages\/6598\/revisions\/9064"}],"wp:attachment":[{"href":"https:\/\/duuit.online\/index.php?rest_route=%2Fwp%2Fv2%2Fmedia&parent=6598"}],"curies":[{"name":"wp","href":"https:\/\/api.w.org\/{rel}","templated":true}]}}